243*k - 152. Let d be f(-24). What is the highest common divisor of m and d?
22
Let m(n) = 7*n**2 - 22*n - 2. Let b be m(4). Suppose -724 - 2400 = -b*k. What is the greatest common divisor of k and 923?
71
Let c(q) = 30*q - 29. Let r be c(6). Suppose 4*a - 2357 = r. What is the highest common divisor of 33 and a?
33
Let p be -12 - 5 - (21 - 52). Let v(a) = -2 - a**2 + 19*a - 15 - 4. Let k be v(p). Calculate the highest common divisor of 14 and k.
7
Let w(a) be the second derivative of -23*a**5/20 + a**4/4 - 2*a**3/3 - 15*a**2/2 - 32*a + 2. Let y be w(-2). Calculate the highest common factor of y and 28.
7
Let g(p) = p**2 + 20*p + 80. Let n be g(-15). Suppose -26 = n*f - 76. Let l be (-1 - (-1 - -1)) + 31. Calculate the greatest common factor of l and f.
10
Let z(s) = 3*s + 4. Let r be z(6). Let v(q) = -q**3 - 49*q**2 + 96*q - 152. Let i be v(-51). Calculate the highest common factor of i and r.
22
Let y(d) = 785*d**2 - 37*d - 57. Let c be y(-3). What is the highest common divisor of c and 63?
63
Let m = 39 + -77. Let v = 24 - m. What is the greatest common factor of v and 93?
31
Let i(m) be the first derivative of 19/3*m**3 + 46*m + 1/4*m**4 - 22 - 9*m**2. Let o be i(-20). What is the greatest common divisor of o and 54?
6
Let o = 98 + -80. Let i(b) = -2*b - 20. Let l be i(-12). Suppose -l*h + 23 = -13. What is the highest common divisor of o and h?
9
Suppose w - 1 - 12 = 0. Suppose 50*k - 6817 - 17233 = 0. Calculate the greatest common factor of w and k.
13
Let i(z) = -2*z**3 - 13*z**2 + 14*z + 197. Let d be i(-6). What is the highest common factor of d and 56?
7
Let u(v) = 4*v**2 + 162*v - 174. Let n be u(-42). Calculate the greatest common factor of 6942 and n.
78
Let l be (6 - -142)*2 - 3. Let p = l - 278. Calculate the greatest common divisor of 9 and p.
3
Let n = 48 - 60. Let s be (-4)/((-32)/294)*(-32)/n. What is the greatest common divisor of 14 and s?
14
Let l = 3233 - 2628. Calculate the highest common factor of 55 and l.
55
Let g(h) = 2 - h**3 - 50*h**2 - 11*h - 3*h + 37*h**2. Let v be g(-12). What is the greatest common factor of 78 and v?
26
Suppose 9*t - 14*t - 5*m + 150 = 0, -t = -4*m. What is the highest common divisor of t and 84?
12
Suppose -4469*a = -4479*a + 25620. Calculate the greatest common divisor of a and 42.
42
Suppose -13*c + 2024 = 10*c. Calculate the greatest common divisor of c and 1474.
22
Let w be 90828/432 + 18/(-8). Calculate the greatest common divisor of 368 and w.
16
Let z = -4032 + 4383. What is the highest common divisor of z and 4095?
117
Let j = 3949 + -3796. What is the highest common divisor of 1479 and j?
51
Suppose 25*h - 27*h + 8 = 0. Suppose 4*s = 2*u - 188, -u + h*u - 258 = -2*s. What is the highest common factor of 22 and u?
22
Let p = 5883 + 650. What is the greatest common divisor of p and 94?
47
Suppose -11*v - 6751 + 8445 = 0. Calculate the highest common factor of v and 1694.
154
Suppose 14*i - 27*i = -312. Suppose w = 5*j - 58, -i*j + 22*j + 22 = -w. Calculate the greatest common factor of 32 and j.
4
Let p = 687 + -597. Suppose -4*u = -78 - 162. Calculate the greatest common divisor of u and p.
30
Suppose 46 = v - 5*b + 6*b, 142 = 3*v + 5*b. Calculate the highest common factor of 4906 and v.
22
Let u = -385 - -372. Let a(y) = y**2 + 2*y + 52. Let k be a(u). What is the highest common factor of 117 and k?
39
Let w = -484 - -677. Let o = w + -174. Let g = 263 + -130. What is the greatest common factor of g and o?
19
Suppose g + 4*q - 765 = 0, -480*q = -g - 478*q + 729. Calculate the highest common divisor of g and 1311.
57
Suppose 0 = 2*f - 4, 7*u - 2*u - 2*f - 86 = 0. Let t be (-2)/(-2*(3 + (-51)/u)). Let m be -1 + (1 + 1 - -14). Calculate the greatest common factor of m and t.
3
Let j be (6/7)/(4*4/672). Suppose -j*a + 32*a = -52. Calculate the greatest common divisor of a and 39.
13
Let f = 890 + -1310. Let u = f - -427. Let c be 110/1 - 2/(-1). Calculate the greatest common factor of u and c.
7
Suppose 5*v + 16 = 4*x - 19, 5*v + 5*x = 10. Let u be (-4)/(-6) + 1/(v/2). Suppose 15*j + 25 - 100 = u. Calculate the highest common factor of 35 and j.
5
Suppose -937*f - 672 = -944*f. What is the highest common factor of 1296 and f?
48
Let o = -66906 + 66929. Suppose 693 = 6*j - 3*j. Let v be 3 + -3 + (j - 1). What is the highest common factor of v and o?
23
Suppose 3*l = 2*d + 618, 5*l + d - 468 - 575 = 0. What is the greatest common factor of 880 and l?
16
Let y be (4/(-34) - (-50720296)/11968) + 2/16. Calculate the greatest common factor of y and 52.
26
Let d be (-8721)/(-136) - (-2)/(-16). Suppose 3*a - 123 = 5*v, 4*a - v + d = 245. Let g = a - 43. What is the greatest common divisor of 2 and g?
1
Suppose -564 = -2*i + 2*x, -4*i = 4*x - 422 - 658. Calculate the highest common divisor of 15870 and i.
138
Let t = 152 + -150. Let a be 30/t*33*1/3. What is the greatest common divisor of 22 and a?
11
Let b be 19/(19/(-10))*(-4)/10. Suppose -4*f - 10*c + 475 = -9*c, 580 = 5*f + b*c. Calculate the highest common factor of 30 and f.
30
Let k = 21941 - 21936. Suppose 0 = -4*w + 144 + 36. What is the greatest common factor of w and k?
5
Let o = -221 - -107. Let m = 246 + o. Suppose -2*b - 3*u = -24, 3*u = -0*u. What is the greatest common factor of m and b?
12
Suppose -r + 4*t - 680 = -5*r, 2*r + 5*t - 343 = 0. Let y = -35 - -5. Let d = 43 + y. Calculate the highest common factor of r and d.
13
Let q be (119016/855)/(2/15). Calculate the greatest common factor of q and 464.
116
Let p(t) be the first derivative of 3*t**2 + 36*t - 15. Let v be p(-6). Suppose -2*k + k + 11 = v. Calculate the highest common divisor of 1 and k.
1
Suppose -5*p = 4 - 14. Suppose 3292*b = 3291*b + 32. Suppose -2*f + 22 = p*z, 0 = 3*z + f + f - b. Calculate the greatest common divisor of 25 and z.
5
Let r(y) = -3*y**2 - 3*y + 11. Let u(k) = 1. Let x(g) = -r(g) + 5*u(g). Let z be x(-6). Calculate the highest common divisor of z and 21.
21
Let w(n) = 74*n**2 - 20*n - 48. Let l be w(2). Let c be (2 - 0)*-1 - -18. Calculate the highest common factor of l and c.
16
Let c = -366 - -448. Let y = -150 - -396. Calculate the highest common factor of c and y.
82
Suppose 532 = -17*y + 10*y. Let x be (y/(-7))/((-36)/(-126)). Calculate the greatest common divisor of x and 133.
19
Let b be (1/2)/((-1)/(-36)). Suppose -32*i + 3394 = -4736 - 9726. Calculate the highest common factor of i and b.
18
Suppose -3*g + 5*u - 6 = 2*u, 3*g - 2*u + 8 = 0. Let b be 1140/(-21)*(30/g - -4). Calculate the highest common factor of 76 and b.
38
Suppose 0 = -z + t + t + 114, 3*z + 4*t = 352. Let k = 127 - z. Calculate the highest common divisor of 33 and k.
11
Suppose 0 = 3*v - 8*v + 205. Let t = v - 41. Suppose -3*f + w = -t*w - 527, 0 = -w + 1. What is the greatest common factor of 22 and f?
22
Let x = 35 - 14. Suppose -47*f + 3*f + 924 = 0. Let a be (-5)/(65/(-156))*f/4. Calculate the highest common factor of a and x.
21
Let s = 547 + -526. Let x be (7 + 4)/((-1)/(-84)*4). Calculate the greatest common factor of s and x.
21
Let a(v) = -7*v - 23. Let r be a(-5). Suppose -4*m - r = 0, -3*g + 2*m + 9 = -2*g. Calculate the highest common factor of g and 2.
1
Let g be (0 + 5/(-2))/(1/(-1488)). Let p be (-3 - g/(-16))*2. Calculate the highest common factor of 27 and p.
27
Suppose 0*w + 4*p + 170 = w, 4*p = -w + 210. Suppose -f + w = 162. Calculate the highest common factor of f and 21.
7
Let o(n) = n**2 - 10*n - 21. Let v be o(0). Let b = 7 + -13. Let y = b - v. What is the greatest common factor of y and 3?
3
Let g(p) = -6958*p + 1405. Let q be g(-4). Calculate the highest common divisor of q and 169.
169
Let p = -340 - -376. Let x be -4*(-3)/27 + 236/p. What is the highest common factor of 3 and x?
1
Let z = 109601 - 109145. Let x = -57 + 81. Calculate the highest common divisor of z and x.
24
Let k be 15/(-10)*26*-1. Suppose -f - 5*u - 285 = 0, -f + 21*u - 17*u - 330 = 0. Let d = -297 - f. What is the highest common divisor of d and k?
13
Let n(y) be the third derivative of 17*y**4/12 - 211*y**3/3 + 218*y**2. Let t be n(13). What is the greatest common factor of t and 25?
5
Suppose -22*z + 359 = -496 + 63. What is the greatest common factor of z and 459?
9
Let r be (-1)/(-10)*6 - (-18)/(-5). Let s be 12/((-9)/(-3)) - (5 + r). Suppose s*i + 108 = 11*i. C